 0*r + x + r. List the prime factors of b(-6).
2, 3
Let p(j) = -j**2 + 3*j - 1. Let v be p(2). Suppose -2*w - 74 = -4*m + 38, -w - 44 = 2*m. List the prime factors of w/(-4) + v/(-2).
2, 3
Let u(l) = 4*l - 1. Let i(d) = -d**3 + d**2 + d + 1. Let r be i(0). Let t be u(r). Let p = -1 + t. List the prime factors of p.
2
What are the prime factors of 6/21 + 1550/14?
3, 37
Suppose -3*n + 2226 = 3*n. List the prime factors of n.
7, 53
Let l(j) = -7*j - 20. List the prime factors of l(-12).
2
Let y be (-4)/18 - 534/27. Let x = 4 - y. Let b = x - 10. What are the prime factors of b?
2, 7
Let n(k) = k**3 - 5*k**2 - k + 6. Let a be n(5). Let l be (-3*a + 1)*-8. Let s = l - 10. List the prime factors of s.
2, 3
Let u be 3 + -3 + (-19 - 0). Let j = u + 12. Let b(d) = -2*d - 3. What are the prime factors of b(j)?
11
Let m = 42 + -16. Suppose -3*n = -n - m. List the prime factors of n.
13
Let t be (-3)/(-2)*8/3. Suppose -n + 5*h + 9 = 2, 4*n = t*h + 108. Suppose z + 3*z = n. What are the prime factors of z?
2
What are the prime factors of 33/44 - 130/(-8)?
17
Let l(q) = q**3 + 5*q**2 - 9*q - 7. Let p be l(-6). Let h(y) = y - 9. List the prime factors of h(p).
2
Let s = 9 - 13. Let r(m) = m**2 - 5. List the prime factors of r(s).
11
Suppose 343 = 23*p - 16*p. What are the prime factors of p?
7
What are the prime factors of (1 + (-4)/(-20))/((-2)/(-265))?
3, 53
What are the prime factors of (-14 - -2)/3 - -15?
11
Let x(f) = 347*f**2 + 3*f + 3. List the prime factors of x(-1).
347
Let y be (-1)/5 - 62/(-10). Let j be (-48)/(-9) - (-2)/3. List the prime factors of (y + -7)/((-1)/j).
2, 3
Let h be ((-27)/18)/((-6)/8). Suppose -3*a + 1 = 5*n - 8, -4*a + 38 = -h*n. List the prime factors of a.
2
What are the prime factors of (-24)/4 - -2 - -109?
3, 5, 7
Let c = -18 + 38. Suppose 5*z - c = z. What are the prime factors of z?
5
Let x = 44 - -59. What are the prime factors of x?
103
Let q be 20/4 - 0/1. Suppose 3*s + q = -4*p + 28, 14 = 2*s + 2*p. Suppose 4*m = 4*a - 9*a + 30, 0 = 2*a - s*m - 45. What are the prime factors of a?
2, 5
Let x = 3 - -1. Suppose -x*z + 37 = -5*t, -z - 3*z + 55 = t. What are the prime factors of z?
13
Let x(d) = -d + 16. Let j be x(7). Suppose j*q - 160 = 4*q. Suppose -3*c = -1 - q. List the prime factors of c.
11
Suppose 63*t - 65*t = -532. List the prime factors of t.
2, 7, 19
Suppose 4*h - 131 = -5*g, -g + 6 = g. What are the prime factors of h?
29
Let q(x) = x**2 - 6*x - 5. Let b be q(7). Let g(t) = t**3 + 4*t**2 - 3*t. What are the prime factors of g(b)?
2, 3
Let p(b) = b**3 + 4*b**2 + 2*b + 1. Let r be p(-3). Suppose -3*g - 2*z - 10 = 0, r*g - g + 4*z = -14. List the prime factors of (g - (-2)/1) + 3.
3
List the prime factors of (3 + -5)/(2*6/(-1758)).
293
Suppose -2 = -4*u + r - 4, -13 = 3*u + 5*r. Let y be -3 - u - (-13 - -2). Suppose -v - y = -4*v. List the prime factors of v.
3
Let f be -1 - (-12)/3 - -9. Let g(c) = -c + 21. What are the prime factors of g(f)?
3
Let b = -5 + 10. Suppose -3 = -b*h + 27. List the prime factors of h.
2, 3
Let k(r) be the second derivative of r**5/20 - 5*r**4/12 + r**3 - 3*r**2/2 + 3*r. Let o(u) = -u**2 + 4*u + 4. Let x be o(4). What are the prime factors of k(x)?
5
Let x(p) = -p**3 - 9*p**2 - 9*p - 4. Let o be x(-8). Suppose 2*s - 2*d - 34 = -0*d, o*d + 82 = 5*s. What are the prime factors of s?
2, 7
Suppose 21 - 2 = b. Suppose -5*x + b = -j, 0 = -x - j - 1 + 6. Suppose 0 = z + x*z - 10. List the prime factors of z.
2
Let n(x) = x**3 + 6*x**2 - 9*x + 13. What are the prime factors of n(-7)?
3
Suppose 2*c = 4*c + i + 6, -2*i = 0. Let n = c - -3. List the prime factors of (-2 + -5)*(-1 + n).
7
Let i(a) = 6*a**2 - a - 2. Let u be i(-2). Suppose 4*t = u - 8. Suppose -o - h + 9 = 0, 0 = -3*o + h + t + 27. List the prime factors of o.
2, 5
List the prime factors of 1/(-2)*(6 + -86).
2, 5
Let b = 0 - -2. Let g be -26*(b - 8)/2. What are the prime factors of (2/(-6))/((-2)/g)?
13
Let c(u) = 8*u - 3. What are the prime factors of c(2)?
13
Let m be (-6)/(6/(-4) + 0). Suppose -4*d = -q + 3, 0*d + 63 = 5*q - m*d. What are the prime factors of q?
3, 5
Suppose 2*h = 4*h - 20. Let z = 4 - h. What are the prime factors of 3/z - (-19)/2?
3
Let q be (-104)/18 + 4/(-18). Let p(y) = 3*y**2 + 14*y + 1. List the prime factors of p(q).
5
Let h be (-3)/(9/12)*-2. Let b(j) = -j**3 + 8*j**2 + j - 4. Let m be b(h). Suppose -3*s - 2*l + m*l = -26, 0 = -s - 4*l - 10. List the prime factors of s.
2, 3
Suppose -w - 14 = 5*b + 3*w, -4*b + 3*w - 5 = 0. Let o = -1 - b. Suppose -o = -2*k + 13. List the prime factors of k.
7
Let w be 16 + -2 + 1 + 0. Suppose 0*s - w = -5*s. Suppose -o + s*o = 16. List the prime factors of o.
2
Let m(n) be the second derivative of -n**5/20 - 11*n**4/12 - n**3/3 - 9*n**2/2 + n. Let v be (-6 - -9) + -7*2. List the prime factors of m(v).
13
Let i(a) = a**2 - 4*a - 8. What are the prime factors of i(8)?
2, 3
Let b(a) = 5*a**2 - 5*a - 1. What are the prime factors of b(3)?
29
Let i = 227 - 59. What are the prime factors of i?
2, 3, 7
Let m be (6/(-8))/(2/(-8)). Let x(q) = -7*q**2 + q. Let c be x(-1). Let k = m - c. List the prime factors of k.
11
Suppose -220 = -7*f + 2*f. What are the prime factors of f?
2, 11
Let a be (-9)/12 - (-26)/(-8). Let z(n) = -1 - 2*n - 3 - 1. What are the prime factors of z(a)?
3
Suppose -1 = -2*z + 7. Let k be (z - 4)/(3 - 1). Suppose k = -4*u + 15 + 21. List the prime factors of u.
3
Let d(o) = o + 1. Let h be d(-2). Let f be (0/(h/(-1)))/1. Suppose -3*v + 21 + 6 = f. What are the prime factors of v?
3
Suppose -3*c + 442 = 5*g - c, 3*g + 4*c - 254 = 0. What are the prime factors of g?
2, 3, 5
Let k be (-3)/(-6)*-2*1. Let p(x) = -12*x. What are the prime factors of p(k)?
2, 3
Suppose -2*t = -2*x - x - 8, -5*t + 20 = -3*x. Suppose x*l - l = o - 22, 3*l - 3*o - 60 = 0. List the prime factors of l.
3, 7
What are the prime factors of 206/10 + (-2)/(-5)?
3, 7
Let z(n) = -n**2 + 5*n. Let l be (-9)/(-6)*4*1. Let h be z(l). Let k(u) = -3*u - 6. List the prime factors of k(h).
2, 3
Let r(m) = m**2 + 7*m + 7. Let g be r(-7). List the prime factors of (g/(-2))/(1/(-2)).
7
What are the prime factors of 9/(45/820) - 0?
2, 41
Suppose 0 = 2*w - 4*g - 4 - 4, -16 = -4*w + 2*g. Suppose -4*o + 31 = o - 4*h, 0 = -w*o + h + 16. List the prime factors of o.
3
Suppose 0 = 2*b - 45 - 75. Suppose -m + 4*m + s - b = 0, 20 = m + 4*s. What are the prime factors of (m/8)/((-2)/(-4))?
5
Let p(a) = 16*a + 101. List the prime factors of p(11).
277
Let h(p) = -4*p**3 - 2*p**2 - 4*p + 1. List the prime factors of h(-3).
103
Suppose 4 = i + r, 4*i - 3*r - 4 = -i. What are the prime factors of 11*(i - 1) + 3?
2, 7
Suppose -12*a = 92 + 28. Let l be ((-6)/(-2) + 1)*-2. Let g = l - a. What are the prime factors of g?
2
Suppose 2 = -4*v + 26. Suppose -a + v - 1 = 0. List the prime factors of a.
5
Suppose 21 = 6*y - 3*y. Suppose 2*s = y*s - 70. List the prime factors of s.
2, 7
Suppose 49 = 6*z - 5*z. What are the prime factors of z?
7
Let n(t) = -36*t - 37. What are the prime factors of n(-7)?
5, 43
Suppose 4*w + 5*x - 4 - 6 = 0, 4*x - 8 = -3*w. What are the prime factors of (w + 1)/(5/85)?
17
Suppose 3*g - 4*v = 4*g - 57, 3*g + v - 171 = 0. What are the prime factors of g?
3, 19
Let z = -13 - -76. What are the prime factors of z?
3, 7
Suppose -3*n + 5 = -7. Suppose -5*m + n*b = -85, 4*m + 0*b - 2*b = 68. List the prime factors of m.
17
Let j = 441 + -20. What are the prime factors of j?
421
Let k(n) = -n**3 - 5*n**2 - 4*n + 2. Suppose -3*u + u - 8 = 0. List the prime factors of k(u).
2
List the prime factors of (-3 + 7)*(-90)/(-5).
2, 3
Let h = -9 + 3. Let f be (h/(-4) - 2)*0. Let v(b) = -b**3 + b**2 - b + 5. What are the prime factors of v(f)?
5
Suppose z - 3 = 22. Let y = z - 15. Suppose 2*n = 4*n - y. What are the prime factors of n?
5
Suppose 3*q + 15 = -3*n, q = 5*q - 3*n + 6. What are the prime factors of 142/14 - q/(-21)?
2, 5
Suppose -30 = -2*m - 2*c, 4*m = 2*m + 3*c + 50. What are the prime factors of m?
19
List the prime factors of (2 - -16)*1 + 1.
19
Suppose 4*f = 3*d + 28, -6 = -5*f - 2*d + 6. Let i(z) = 3*z**2 + z + 3. List the prime factors of i(f).
5, 11
Let d be 15/((-9)/(-6) - 0). Suppose d = -2*n + 3*n. What are the prime factors of n?
2, 5
Let j(x) = -5*x + 1. Let t(p) = -14*p + 4. Let f(i) = 